t v(g) = -2*g**3 - 33*g**2 + 56*g + 33. Give v(-18).
-3
Let h(d) = -d**3 + 12*d**2 - 9*d + 3. What is h(11)?
25
Let y(w) = 27*w**3 - w**2 + 2. Give y(-1).
-26
Let a(l) = l**3 + 10*l**2 - 25*l - 6. What is a(-12)?
6
Let j(x) = -x**3 - 2*x**2 + 3*x - 3. Calculate j(-4).
17
Let g(m) = m**2 + 11*m + 23. Give g(-8).
-1
Let t(c) = c**2 - 13*c + 53. Determine t(6).
11
Let c(o) = -o**2 + 29*o + 73. What is c(32)?
-23
Let g(m) = -6*m**3 - m**2 + m + 3. Give g(-1).
7
Let b(u) = 3*u - 7. Calculate b(9).
20
Let d(o) = -o**3 + 6*o**2 - 12*o + 11. Determine d(3).
2
Let z(h) = 2*h**3 + 11*h**2 + 11*h + 1. What is z(-4)?
5
Let g(w) = 2*w**2 + 3*w - 2. What is g(-4)?
18
Let a(m) = 10*m + 8. What is a(-7)?
-62
Let p(r) = 36*r**2 - 1. Calculate p(1).
35
Let t(g) = g**2 + 3*g - 4. Give t(6).
50
Let r(s) = 5*s + 8. Give r(-9).
-37
Let v(q) = q**2 - 2*q - 35. Calculate v(0).
-35
Let z(i) = 5*i - 78. Determine z(14).
-8
Let v(j) = 44*j**3 + 2*j**2 - 2*j + 1. What is v(1)?
45
Let h(s) = 3*s**2 - 4*s - 6. Calculate h(3).
9
Let q(w) = -2*w - 10. Give q(-11).
12
Let g(z) = -z**3 - 6*z**2 - 5*z + 10. Determine g(-5).
10
Let i(m) = -56*m**3 + m**2. Determine i(1).
-55
Let x(n) = n**2 + 13*n - 1. What is x(-13)?
-1
Let l(u) = 3*u - 1. Calculate l(5).
14
Let c(q) = 13*q - 43. What is c(11)?
100
Let y(f) = -2*f**2 + 7*f. Determine y(5).
-15
Let o(u) = 11*u + 174. What is o(-15)?
9
Let t(l) = -l**2 - 41*l + 4. Determine t(0).
4
Let k(h) = -7*h + 97. Determine k(13).
6
Let b(a) = 3*a**2 - 8*a - 8. Calculate b(6).
52
Let x(f) = f**2 - 4*f - 23. Give x(7).
-2
Let w(d) = -15*d + 2. Give w(-1).
17
Let c(f) = f**2 + 20*f + 52. What is c(-18)?
16
Let r(k) = k**3 - 9*k**2 - 15*k + 42. Calculate r(11).
119
Let q(l) = l**2 - 18*l - 29. Calculate q(19).
-10
Let o(l) = -4*l + 59. Determine o(10).
19
Let f(l) = 7*l**2 + l. What is f(-1)?
6
Let u(z) = 17*z**2 + 3*z + 4. Give u(-1).
18
Let u(b) = -b**3 - 26*b**2 + 24*b + 6. Give u(-27).
87
Let j(k) = -2*k**3 + 39*k**2 - 18*k - 21. Give j(19).
-2
Let m(o) = o**3 - 8*o**2 + 3*o - 4. Determine m(8).
20
Let u(w) = -4*w - 17. Calculate u(9).
-53
Let f(u) = -u**2 + 6*u + 6. Calculate f(7).
-1
Let r(x) = x**3 + 25*x**2 + 23*x + 7. Calculate r(-24).
31
Let u(f) = f**3 + 3*f**2 - 8*f - 3. Determine u(-5).
-13
Let g(t) = -42*t**2 - t. What is g(-1)?
-41
Let d(y) = y + 16. Determine d(-7).
9
Let a(r) = 82*r + 268. What is a(-3)?
22
Let b(i) = 2*i**2 + 8*i - 22. What is b(-3)?
-28
Let c(x) = 2*x + 4. Give c(-6).
-8
Let h(k) = -3*k**2 - 14*k + 18. Calculate h(-6).
-6
Let w(n) = -2*n + 53. What is w(31)?
-9
Let c(l) = 2*l**3 + 27*l**2 + 16*l + 9. Calculate c(-13).
-30
Let u(l) = 3*l + 18. Give u(-3).
9
Let f(w) = w**2 - 7*w - 16. Determine f(8).
-8
Let q(f) = -15*f - 3. Calculate q(-5).
72
Let t(h) = -h - 17. Determine t(-10).
-7
Let x(p) = -p**2 + 7*p - 13. Determine x(4).
-1
Let p(u) = -8*u - 6. What is p(-4)?
26
Let w(d) = -d**3 + 13*d**2 - 21*d + 4. Calculate w(11).
15
Let n(y) = -4*y**3 + 2*y**2 + 2*y. Give n(-1).
4
Let b(a) = 4*a + 10. Determine b(9).
46
Let d(i) = -i**2 - 6*i - 7. Give d(-5).
-2
Let c(b) = -5*b + 15. Determine c(6).
-15
Let o(b) = b**2 - 8*b - 113. Give o(-7).
-8
Let c(g) = -g**3 - 3*g**2. Give c(-3).
0
Let m(d) = d**3 + 11*d**2 + 20*d. What is m(-9)?
-18
Let p(y) = -y**2 - y - 37. Calculate p(0).
-37
Let a(i) = 15*i + 511. What is a(-35)?
-14
Let o(u) = -9*u**3 - u**2 - 2*u - 1. What is o(-2)?
71
Let h(n) = -n**3 - 9*n**2 - n - 11. What is h(-9)?
-2
Let d(a) = -a**3 - 18*a**2 - 32*a + 16. Give d(-16).
16
Let s(z) = -2*z**3 - 3*z**2 + 3*z - 2. Give s(-3).
16
Let y(v) = -6*v. Calculate y(0).
0
Let w(x) = -x**3 - 4*x**2 + 8*x + 21. Give w(-5).
6
Let c(w) = -w**2 + 15*w - 21. Calculate c(13).
5
Let z(b) = -11*b - 44. Give z(-5).
11
Let x(w) = -w**2 - 7*w + 6. Determine x(-6).
12
Let q(l) = 8*l - 85. Give q(12).
11
Let l(i) = -i**3 - 7*i**2 - 7*i - 13. Determine l(-6).
-7
Let j(d) = -2*d**3 + 30*d**2 - 31*d + 30. What is j(14)?
-12
Let q(d) = -d**3 + 7*d**2 - 19. Calculate q(6).
17
Let v(z) = z**3 - 11*z**2 - 26*z - 2. Calculate v(13).
-2
Let k(s) = -s**2 + 6*s - 5. Determine k(2).
3
Let g(v) = -v**3 - 8*v**2 - 10*v - 6. What is g(-6)?
-18
Let m(f) = -3*f**2 - 4*f + 226. Give m(8).
2
Let g(z) = 2*z + 32. Calculate g(-5).
22
Let d(b) = -b**2 + 10*b - 18. Calculate d(0).
-18
Let h(t) = -37*t - 407. Give h(-11).
0
Let r(g) = -13*g**2 + 36*g + 7. Determine r(3).
-2
Let d(p) = p**3 + 2*p**2 - 5*p - 2. What is d(-3)?
4
Let c(a) = -a**3 - a**2 - a - 16. Calculate c(0).
-16
Let f(a) = a**3 - 16*a**2 + a - 15. Determine f(16).
1
Let l(z) = -z**3 + 17*z**2 + 18*z + 15. Determine l(18).
15
Let i(g) = -g**2 + 8*g + 5. Give i(6).
17
Let z(h) = -41*h - 5. Give z(-2).
77
Let b(m) = -4*m + 43. Calculate b(10).
3
Let z(d) = -d**2 - 33*d - 215. Give z(-23).
15
Let r(s) = -s**3 + 7*s**2 - 16*s + 29. Give r(5).
-1
Let m(l) = 3*l + 6. Give m(-2).
0
Let g(w) = -w**3 + 14*w**2 - 2. What is g(14)?
-2
Let r(k) = -2*k**2 - 3*k + 5. Calculate r(0).
5
Let y(d) = -163*d**3 + d**2 + 2*d - 2. Give y(1).
-162
Let o(x) = x**2 + 11*x - 13. Give o(-11).
-13
Let y(z) = -8*z - 51. Determine y(-6).
-3
Let y(u) = -35*u - 39. Determine y(-1).
-4
Let v(z) = -z**2 + 9*z + 24. Calculate v(12).
-12
Let y(l) = -4*l**2 - 93*l - 22. Give y(-23).
1
Let t(v) = 31*v**3 + v**2 - 2*v + 1. Give t(1).
31
Let z(q) = -q**2 - 39*q - 36. Give z(-38).
2
Let o(j) = -2*j**2 - 3*j + 1. What is o(-3)?
-8
Let r(s) = s + 29. Determine r(0).
29
Let d(c) = 2*c**2 + c - 1. Calculate d(2).
9
Let v(n) = -n**2 + 2*n + 48. Determine v(8).
0
Let r(q) = q**3 - 5*q**2 - 15*q + 37. Give r(6).
-17
Let b(t) = -6*t**2 - 4*t - 27. Determine b(-4).
-107
Let o(u) = -u**3 + u**2 + u - 38. Calculate o(0).
-38
Let p(g) = -g**3 + 6*g**2 - 2*g + 12. Give p(6).
0
Let u(b) = -9*b + 22. Calculate u(3).
-5
Let q(r) = -r**2 - 8*r - 7. Give q(-6).
5
Let c(u) = u**2 + 23*u + 39. What is c(-2)?
-3
Let i(d) = -7*d**2 + 3*d + 5. Calculate i(-2).
-29
Let z(v) = v + 28. Determine z(-19).
9
Let l(a) = -41*a - 492. What is l(-12)?
0
Let g(t) = -62*t - 115. Determine g(-2).
9
Let t(x) = 2*x**2 + 4*x + 3. Give t(-2).
3
Let w(f) = -f**3 + 8*f**2 - 43. Give w(7).
6
Let v(g) = -24*g**2 + 7*g + 7. Determine v(-1).
-24
Let v(g) = 3*g**2 + g - 10. Calculate v(6).
104
Let m(l) = -12*l + 33. What is m(3)?
-3
Let z(i) = -15*i**3 + i**2 + i. Calculate z(-1).
15
Let q(s) = -3*s**3 - s**2 + 58*s - 56. Determine q(1).
-2
Let n(g) = 7*g + 9. Give n(-5).
-26
Let b(n) = 25*n**3 - 4*n**2 - 7*n - 4. Determine b(-1).
-26
Let u(f) = -f + 27. Determine u(-12).
39
Let v(g) = -2*g**3 - 19*g**2 - 6*g + 18. Determine v(-9).
-9
Let w(f) = f**2 + 21*f + 61. Give w(-18).
7
Let z(v) = -v**2 - 3*v + 4. Give z(6).
-50
Let h(n) = -n**3 + 14*n**2 - 15*n - 17. Determine h(13).
-43
Let b(d) = -3*d**2 + 17*d - 15. Determine b(4).
5
Let c(u) = -54*u - 41. Calculate c(-1).
13
Let w(g) = -8*g - 4. Determine w(1).
-12
Let g(r) = -40*r**3 - r**2 + 2*r - 2. Give g(1).
-41
Let s(p) = -35*p + 36. What is s(2)?
-34
Let y(o) = o**2 - o - 44. Calculate y(8).
12
Let r(b) = b**2 + 97*b + 1162. Determine r(-14).
0
Let o(k) = k**3 + 10*k**2 + 14*k - 7. Give o(-8).
9
Let z(o) = 9*o**2. Calculate z(1).
9
Let v(h) = 4*h**3 - 4*h**2 - h + 8. Determine v(-2).
-38
Let d(t) = t**2 - 8. Give d(3).
1
Let f(q) = 8*q**3 + 3*q**2 + 2*q. What is f(-1)?
-7
Let i(y) = -14*y**2 - y - 7. What is i(2)?
-65
Let c(r) = 5*r - 14. What is c(4)?
6
Let q(h) = -30*h + 271. Determine q(9).
1
Let y(m) = m**3 - 5*m**2 + 6*m + 4. Determine y(3).
4
Let c(b) = -46*b**3 + 2*b**2 - 2*b + 1. Calculate c(1).
-45
Let q(r) = -r**2 + 7*r + 34. Calculate q(6).
40
Let f(q) = -q**3 + 2*q**2 + 10*q - 13. What is f(4)?
-5
Let u(m) = -3*m - 18. Give u(-7).
3
Let f(c) = -4*c**2 + c + 3. What is f(-3)?
-36
Let w(j) = j**3 + 6*j**2 - 1. Give w(-6).
-1
Let b(s) = 10*s**3 - 34*s**2 + 34*s - 1. What is b(1)?
9
Let z(g) = 6*g - 36. Determine z(7).
6
Let l(r) = -3*r - 52. What is l(-16)?
-4
Let t(b) = -b**3 - 4*b**2 - 3*b + 3. What is t(-3)?
3
Let d(t) = 2*t + 45. What is d(-20)?
5
Let l(x) = 44*x - 235. Determine l(6).
29
Let f(i) = -i**3 + 28*i**2 - 135*i + 8. Give f(6).
-10
Let s(w) = 3*w + 111. What is s(-35)?
6
Let z(g) = g**3 + 6*g**2 - 4*g + 19. Give z(-8).
-77
Let j(t) = 12*t - 49. What is j(3)?
-13
Let q(s) = -s**3 - 9*s**